i. Suppose 0 = -x*d - 2*z + 12, -d - 4*d + 20 = -2*z. What is h(d)?
4
Let g = 1625 + -1628. Let l(a) = -a**3 - a**2 + 2*a - 7. Determine l(g).
5
Let o = 7 + -3. Let v(j) = -j - 1. Let r(q) = -q - 1. Let c be 2*1/2 - 0. Let y(d) = c*r(d) - 2*v(d). What is y(o)?
5
Let r(d) = d**2 - 6. Let w be 4/((-3)/5*6/(-9)). Let i be 5/(w/3)*(-20)/6. Calculate r(i).
19
Let x(z) = -z**3 + 5*z**2 + 6*z - 4. Suppose 7*i = -19 + 61. Calculate x(i).
-4
Let o = 28 - 23. Let m = 5 + o. Suppose -5*p + 30 = -m*p. Let j(c) = -c**3 - 7*c**2 - 5*c - 5. Give j(p).
-11
Suppose -3*c - 21 = -9. Let g(v) be the second derivative of -v**4/12 - v**3/3 - v**2/2 - v. Let j(f) be the first derivative of g(f). Calculate j(c).
6
Let w(o) be the third derivative of -o**5/60 - 7*o**4/24 + 5*o**3/6 - 26*o**2 + 1. Calculate w(-5).
15
Let j be 3 - -1 - 72/6. Let f(u) = -u - 2. Determine f(j).
6
Suppose -750*c = -727*c. Let v(d) = 5*d**2 + 3*d - 14. Let x(s) = 14*s**2 + 8*s - 41. Let h(l) = 11*v(l) - 4*x(l). Give h(c).
10
Let a(u) = -2*u + 29. Let m be 7 + ((-10)/(-15)*21 - 7). Determine a(m).
1
Let s(b) = -257*b - 2181*b**3 + 251*b + 2180*b**3 - 5*b**2. Calculate s(-4).
8
Let r(a) = -a**3 + 0 - a**2 + 4 - 2*a - 3 + 4*a. Suppose 0 = -2*o - 3 + 13. Suppose -o*q = -2*q + 6. Calculate r(q).
1
Let m(o) = -5*o - 5. Suppose 0*r + 19 = 2*r - c, 0 = 2*c + 10. Let b be (r - 1)*(-12)/18. Determine m(b).
15
Let g(k) = k**3 - 7*k**2 + 5*k - 35. Let d be g(7). Let h(b) = -206 + 212 + 2*b + d*b. Suppose -8 = 2*q + 2. Determine h(q).
-4
Let a(v) = 15*v**2. Let b = -235 + 241. Let t = 18 - 30. Let k be b/(-8) - (-3)/t. Calculate a(k).
15
Let f(g) = -17*g**3 + 1 - g + 0*g + 6*g**3. Let r = 213 - 212. What is f(r)?
-11
Let k = -7 - -8. Let x be k/((-1 + 4)/3). Let l(p) = -p + 1. Let h(w) = 1. Let m(o) = -2*h(o) + 3*l(o). What is m(x)?
-2
Let x(w) = w + 21. Let k be x(-15). Let v(u) be the first derivative of -u**3/3 + 2*u**2 + 5*u - 68. Give v(k).
-7
Let g(k) = -k**3 - 2*k**2 + 5*k - 2. Let r(l) = -2*l**3 - 3*l**2 + 11*l - 5. Let c(a) = -5*g(a) + 2*r(a). Let z = 153 - 158. Give c(z).
-10
Let p = 1 - -5. Let z(c) = -c**3 + 3*c**2 - 5*c - 1. Let a(g) = g**3 - 2*g**2 + 5*g. Let i(b) = -4*a(b) - 5*z(b). Give i(p).
-1
Let a(b) be the third derivative of -b**5/60 + b**4/4 + b**3/3 - 4*b**2 + 4*b. What is a(7)?
-5
Suppose 4*y - 4*r + 8 = -48, 5*y = -3*r - 38. Let j(d) = -3*d + 3. Give j(y).
33
Let o be (-2 - 1)*(-2)/(-2). Let k(l) be the third derivative of 1/2*l**3 + 0 + 0*l + 37*l**2 + 1/6*l**4 - 1/20*l**5 - 1/120*l**6. Calculate k(o).
-9
Let y(z) = -1. Let v(k) = -2*k - 2. Let w(f) = -v(f) - 5*y(f). Let a be w(-6). Let m(g) = -3*g - 2. What is m(a)?
13
Let k(l) = 2*l**3 + 25*l**2 + 15*l + 29. Let w(f) = f**3 + 12*f**2 + 8*f + 14. Let s(n) = 2*k(n) - 5*w(n). Calculate s(-9).
-3
Let k(x) = 4194*x - 6*x**2 - 4190*x + 17*x**3 - 18*x**3 + 1. Determine k(-6).
-23
Suppose -u + 5*c = -9, 0*c = -4*u + 2*c - 18. Let v = u + 8. Let m(h) = -h**2 + h + 1. Calculate m(v).
-1
Let i(n) = -4*n - 8. Let z be (324/30)/((-4)/(-50)). Suppose -q = -z + 141. Give i(q).
16
Let c(k) be the third derivative of k**8/6720 - k**7/360 - 7*k**6/720 - k**5/20 + 2*k**4/3 - 27*k**2. Let r(q) be the second derivative of c(q). Determine r(8).
2
Let u(a) = -a**2 - 12*a + 18. Suppose -27*v - 468 = 9*v. Give u(v).
5
Suppose -2*g - 4 = -4*g. Suppose -5*b + 20 + 9 = -g*n, 3*n - b + 11 = 0. Let h(r) = r**3 - r + 2. Determine h(n).
-4
Let r(y) = y - 14. Let q(u) = u - 13. Let h(t) = -3*q(t) + 2*r(t). Let p = 14 - 9. Calculate h(p).
6
Let x(a) be the first derivative of -a**6/40 - a**5/30 + a**4/24 + 9*a**2 + 6. Let s(d) be the second derivative of x(d). Give s(1).
-4
Suppose 2*i + 2*h - 36 = 0, -1 = -i - 5*h + 9. Let n = i - 14. Let t(f) = 3*f**2 + 2*f**2 - n*f**2. What is t(3)?
-9
Let x be (-144)/(-27)*6/4. Let z(s) be the second derivative of -s**5/20 + 2*s**4/3 + s**2 + 135*s. Calculate z(x).
2
Suppose 90 = -25*y - 10*y + 50*y. Let c(n) be the second derivative of -n**5/20 + 7*n**4/12 - 5*n**3/6 + 3*n**2 + n. Determine c(y).
12
Let q(v) = -v**2 + v - 1. Let d(h) = 4*h**2 - 9*h + 7. Let z(a) = d(a) + 6*q(a). Suppose 0*t + 9 = -3*t. Give z(t).
-8
Let h(t) = -t**3 - 7*t**2 - 3*t + 7. Suppose 4*i - 12 = 6*i. What is h(i)?
-11
Let a(q) = q**2 + q. Let u be a(-2). Suppose -u*d - 5*f + 65 = 2*d, 2*d = -3*f + 35. Let g(j) = d*j**2 + j - 8*j**2 - 2 + 3. Give g(-1).
2
Let u(m) = -m**2 + 7*m - 5. Let k = -12 - -16. Let o be u(k). Let y = o - 6. Let b(g) = 8*g. Calculate b(y).
8
Let l(p) = -p**3 + 2*p**2 + 4*p - 13. Let j be l(4). Let k = j - -20. Let c(x) = x**2 + 10*x + 10. Calculate c(k).
1
Let m(p) be the second derivative of p**4/2 + p**3/3 - p**2/2 + p. Let k be (42/35)/(3/10). Suppose -k*n + 3 = 2*f - 3*n, 9 = 5*f + 4*n. Give m(f).
7
Let q = 15438 + -15444. Let k(p) = 3*p - p**3 - 6*p - 4*p - 7*p**2. Give k(q).
6
Suppose -v = -4*i - 1 - 2, 5*v + i - 36 = 0. Let t(n) = -1 + 0*n - n**2 - 4 + v*n + 1. Calculate t(5).
6
Suppose -2 = k + 2. Let r(j) be the first derivative of j**3/6 + 5*j**2/2 - 8*j + 5. Let i(t) be the first derivative of r(t). Give i(k).
1
Let n be 1/(0 + -1)*7. Let c(w) = -6*w**3 - 2*w**2 - 4*w + 12. Let v(k) = 198*k**2 - 199*k**2 + k + k**3 - 1 + 0. Let t(h) = -c(h) - 5*v(h). What is t(n)?
0
Let s = 113 + -111. Let d(i) = -5*i + 3. Give d(s).
-7
Let w(g) = -g**3 - 250*g**2 + 83*g**2 - 5 + 82*g**2 + 83*g**2. Give w(-3).
4
Let l(k) = -5 - 3 + 4*k - 3*k + 0 + 5. Determine l(-2).
-5
Let v(m) = -m - 1. Suppose -5*c - 93 = -2*i + 5*i, 19 = -c - i. Let n = 21 + c. Suppose n*d + 0*d + 5*k = -23, -4*d - 2*k - 12 = 0. What is v(d)?
0
Let z(h) = -h + 58. Let y be z(10). Let q(p) = p**2 - 6*p + 2. Let f be q(6). Suppose 4*r = -5*m - y, -5*r - 27 = -f*m - 0. Let n(u) = 2*u + 3. What is n(r)?
-11
Let n(u) = 3*u**2 - 14*u - 2. Let b(l) = -8*l**2 + 42*l + 5. Let a(x) = 4*b(x) + 11*n(x). Calculate a(-14).
-2
Let h(d) = 9*d. Let j(s) = 15*s - 211. Let f be j(14). Calculate h(f).
-9
Let y be 6/4*(-20)/(-6). Let u(s) = 3*s - 3 - 2 - 9 - 2*s + 10. Give u(y).
1
Let f be (-3)/12*-4 + 3. Suppose -w - 54 = f*c - 3*w, 3*w + 62 = -5*c. Let d = c + 17. Let m(z) = z - 2. Calculate m(d).
2
Let v be 18/5*95/57. Let d(t) = 2*t - 7. Give d(v).
5
Suppose 0*r + 4*d = 5*r + 5, 3*r - 5*d + 16 = 0. Suppose -6*h = -h + r*f - 9, 0 = 3*f - 9. Let o(v) = -v**2 - 4. What is o(h)?
-4
Let q(u) = -u**2 + 3*u. Let z(j) = -j**3 + 2*j**2 + 27*j - 2. Let p(w) = 6*q(w) - z(w). Give p(9).
2
Let d(n) be the third derivative of 5/3*n**3 - 5*n**2 + 0*n - 1/24*n**4 + 0. Give d(0).
10
Let q(m) = 3*m + 3. Suppose -58 - 47 = -7*r. Let c(y) = -2*y + 1. Let w be c(-1). Suppose 5*l - 4*t = -r, 12 = -4*l - 0*l - w*t. What is q(l)?
-6
Let j(z) be the first derivative of 2*z**3/3 + z**2/2 + 1. Let w = 41 + -37. Let s(d) = d - 3. Let h be s(w). Calculate j(h).
3
Let h(w) = -2*w - 8. Let b(f) = f**3 - 10*f**2 - 11*f - 7. Let l be b(11). Calculate h(l).
6
Suppose 0 = -3*q - 5*v - 10, 3*q + v = 2*v + 2. Suppose 0 = u - q - 6. Let j = u + -2. Let c(f) = -f**2 + 4*f + 5. Determine c(j).
5
Let o = -1 + 5. Suppose a - 2 = o. Let f(r) = -7*r**2 + 11*r + 7. Let h(p) = 13*p**2 - 21*p - 13. Let g(i) = -11*f(i) - 6*h(i). Determine g(a).
-5
Let z be 17 + 11 - (-4 + 1). Let c(h) = 3*h - 2*h - z - 3*h + 26. Give c(5).
-15
Let s(d) = 2*d**2 + 5*d + 4. Let h(u) = -u**2 - 9*u - 17. Let v be h(-7). Determine s(v).
7
Let d(p) = -2*p**2 + 54*p - 105. Let u be d(25). Let a(b) = -4*b + 4. Calculate a(u).
24
Let v(w) = -2*w**2 + 10*w + 5. Let u(z) = -z**2 + 5*z + 3. Let m be 6*(9/(-6) - -2). Let c(a) = m*v(a) - 7*u(a). Let n = -25 + 30. Calculate c(n).
-6
Let i = 336 + -333. Let z(k) be the first derivative of 1/4*k**4 + 1/3*k**i + 4 + 10*k - 1/2*k**2. Calculate z(0).
10
Let c(r) = r**3 - 3*r**2 - 2*r - 4. Suppose 5*g - 6 = -4*k - 4, -5*k - 4*g + 7 = 0. Calculate c(k).
-10
Suppose -2*b = 2*b - a + 15, -4*a = 3*b - 3. Let s be 13/((-78)/(-12))*b/2. Let p(t) = t**3 + 3*t**2 - 3*t - 4. Give p(s).
5
Let s(v) = v**2 - 9*v + 8. Let f be s(7). Suppose 0 = -4*k - 12, 5*x = -4*k + 2 + 16. Let o(a) = a**3 + x*a + 5*a - 5*a - 2*a**3 - 5*a**2 + 5. Calculate o(f).
5
Let l(u) = -33*u - 7. Let f(p) = 4 - 9*p + 12*p + 14*p. Let c(s) = -5*f(s) - 3*l(s). Give c(-1).
-13
Suppose -2*f + p + 27 = 4*p, p = -3. Let b(i) = 20*i + 5 + 2*i**2 + f